hat is the hundreds digit of w?
1
Let w be (0 - 3)*13/(-3). Let q = w + -27. What is the units digit of q/4*(-3 - -1)?
7
Let v = 12 - -43. What is the tens digit of v?
5
Suppose -168 = 4*o - 652. What is the tens digit of o?
2
Let d(a) be the first derivative of -a**4/4 - a**3/3 + 50*a - 2. Let q be d(0). Suppose -5*t + 30 = -q. What is the units digit of t?
6
Let x be (-2)/(-3)*3*-3. Let m(j) = -j**2 - 7*j. Let b be m(x). Suppose -2*a + b*a = 20. What is the units digit of a?
5
Let d be (2 - 3)/(2/(-6)). Suppose 0 = -d*f + 8*f - 25. What is the units digit of 2/f - 16/(-10)?
2
Let a be (17 - 2)*(2 + 1). Let t(n) = -n + 1. Let v be t(-4). Suppose -v*w = -15 - a. What is the tens digit of w?
1
Suppose -3*k = 5*r - 401, -4*r - 203 - 162 = -3*k. What is the units digit of k?
7
Let r(z) = z + 16. What is the units digit of r(-10)?
6
Let w(c) = 17*c - 70. What is the hundreds digit of w(25)?
3
Let z = 11 - 8. Let t = z + 2. What is the units digit of t?
5
Suppose 0*y + 28 = 5*n + 2*y, -3*y = -2*n + 15. What is the units digit of n?
6
Suppose 5 = l, 0 = 3*r + 4*l - l - 27. What is the units digit of r?
4
Suppose 3*h = 2*u - u - 7, 0 = -4*u - 4*h - 20. Let f = -1 - u. Suppose -2*o + f = -13. What is the units digit of o?
7
Suppose 11 = 3*c - 1. What is the units digit of c/10 + 441/35?
3
Let c(s) = 5*s + 11. What is the tens digit of c(13)?
7
Suppose -u - 25 + 108 = 4*l, 248 = 4*u - 5*l. What is the tens digit of u?
6
Let l(n) = -9*n**3 - n**2 - n. Let a = 8 + -13. Let c(h) = -h - 6. Let z be c(a). What is the units digit of l(z)?
9
Let h = 87 + -34. What is the tens digit of h?
5
Let a = -22 + 40. What is the units digit of a?
8
Let b(h) = -h**2 - 9*h + 1. What is the tens digit of b(-5)?
2
Suppose 0 = -13*p + 3*p + 1250. What is the tens digit of p?
2
Let x(u) = 2*u**3 + 3*u**2 - 5*u - 3. Let g be x(-3). Let o = -8 - g. What is the units digit of o?
7
Suppose 0*h + 3*h - 3*d = 27, 3*h - 12 = -2*d. Let j = h + 40. What is the units digit of j?
6
Suppose -2*b = -o - 6 + 2, -8 = -2*o. What is the units digit of b?
4
Let o be (16/(-20))/(2/(-10)). Suppose 3*z = m + 9, 0*m + 5*m = -o*z + 31. What is the units digit of z?
4
Suppose -2*n + 3 = -213. Suppose -3*y + 3*t + n = -0*y, y - 2*t - 39 = 0. Suppose 0*s - 4*l = 4*s + 12, 4*s - 5*l - y = 0. What is the units digit of s?
2
Let x(w) = -4*w. Let g be x(-1). Suppose q - 2 = g. What is the units digit of q?
6
Suppose -47 = 2*u - 3*x, 2*u + 0*u = -2*x - 22. Let g = 0 - u. What is the tens digit of g?
1
Suppose -4*x - 1 = 19. Let g(p) = 2*p + 7. Let m be g(x). Let c = 5 + m. What is the units digit of c?
2
Suppose f + 122 = 3*f + 3*y, 2*y - 120 = -2*f. Let k = f + -40. What is the units digit of k?
8
Let i(w) = w**2 - 3*w + 23. What is the units digit of i(10)?
3
Let x(r) = 2*r - 6*r**2 + 2 + 3 + r**3 + 3*r. Let a be x(5). Suppose -4*h = n - 10, -29 = 5*n - a*h - 79. What is the units digit of n?
0
Suppose -5*s + 573 = -2*l - 0*l, 0 = 5*s - l - 574. What is the hundreds digit of s?
1
Let n = -6 + 8. Suppose 0 - 6 = -n*r. What is the units digit of r?
3
Let h = -8 + 14. Suppose -q + h = q. What is the units digit of q?
3
Let j be 2/((-6)/(-9)) + 2. Let b(g) = -g + 6. What is the units digit of b(j)?
1
Let c be ((-40)/(-4))/(-2 - -4). Suppose c*h - 69 + 9 = 0. What is the tens digit of h?
1
Let z = -10 + 26. What is the units digit of z?
6
Suppose -5*c - 20 - 10 = 0. Let t be (-11 - 1)*2/c. Suppose 4*d + 12 = 2*h, -5 = -9*d + t*d. What is the units digit of h?
8
Let l(b) = b - 1. Let y be l(4). Suppose 0 = -y*v + v - 56. Let q = 44 + v. What is the units digit of q?
6
Let y = 85 - 49. Let g = -25 + y. What is the units digit of g?
1
Let m(u) = 3*u - 2. What is the tens digit of m(7)?
1
Suppose 5*s = 32 - 12, 2*s + 1 = 3*r. Suppose -j = -5, -2*x + 4*j - 3 = 9. Suppose -k - r*k = -x*t - 80, -15 = 5*t. What is the tens digit of k?
1
Let n(r) be the third derivative of r**5/60 - r**4/12 - r**3/3 - 2*r**2. What is the units digit of n(3)?
1
Suppose 4*t - v + 0 = 2, -4*v + 3 = -5*t. What is the units digit of t - (2*10)/(-2)?
1
Let s(p) = -p**3 + 5*p**2 + 2*p + 4. Let j be (8/(-3))/((-20)/30). What is the tens digit of s(j)?
2
What is the units digit of -1*(1 + -5 + -43)?
7
Let i(k) = -k - 11. What is the units digit of i(-13)?
2
Suppose 10*n = 13*n - 678. What is the tens digit of n?
2
Let v(i) = i**3 + 4*i**2 - i - 2. Let t be v(-4). Suppose 0 = t*h - 1 - 7. What is the units digit of h?
4
Let z(u) = -u - 3. Let n be z(-5). Suppose 3*v + r = 25, v + 3*r = n*v + 5. What is the units digit of v?
7
Let d(o) = -o**3 - 6*o**2 + 7*o + 19. What is the tens digit of d(-8)?
9
What is the units digit of (-224)/(-3) - 10/(-30)?
5
What is the units digit of 644/6 - -2*4/12?
8
Suppose 21 = 3*z + 6. Let p = -14 + 16. Suppose z*k + 3 = p*j + 16, 0 = -5*k + j + 9. What is the units digit of k?
1
Let v = -7 + -9. Let f = v + 23. What is the units digit of f?
7
Let p(u) = 11*u - 2. Let y be p(3). Suppose -y = -2*f + 2*m + 13, -3*m = f - 10. What is the tens digit of f?
1
Let z(p) be the second derivative of p - 1/12*p**4 - 4/3*p**3 + 0 - p**2. What is the units digit of z(-7)?
5
Let s(m) = 2*m**3 - 1. Let g be s(-1). Let h(y) = -2*y - 4. What is the units digit of h(g)?
2
Let l(j) = -2*j + 8. Let u be l(0). Let c(g) = -g**3 + 9*g**2 - 5*g - 7. What is the units digit of c(u)?
7
Let l(s) = 6*s + 3. Let y be l(-2). What is the units digit of 2/y + 22/18?
1
Let d(v) = -v**2 + v + 1. Let w be d(-1). Let b be (-5)/((-10)/16) - w. Let s = b + -4. What is the units digit of s?
5
Suppose -3*b + 4*n + 31 = 0, 0*b + 3*n = 3*b - 27. Let q = 22 - b. What is the units digit of q?
7
Let w be 2*2/(-8)*-58. Suppose 3*n + 3*i + 21 = -27, -3*n = -4*i + 76. Let b = w + n. What is the units digit of b?
9
Suppose -5*p + 2*j + 13 = 0, -3*j - 2*j = 2*p + 18. Let y = -3 - -5. Suppose y*k - 7 = -p. What is the units digit of k?
3
Let a(z) = 2*z - 9. What is the tens digit of a(11)?
1
Let w(r) = 5*r - 1. Let k be w(3). What is the units digit of (k/3)/(6/9)?
7
Let y(d) = 6*d**2 - 3*d**3 - 8 + 7 + 4*d + 8 + 4*d**3. What is the units digit of y(-5)?
2
Let z = -1 + 6. Suppose -z*r + 10 = 4*f, f + 6 = 3*r + 2*f. What is the units digit of r?
2
Let z = 30 - 18. Suppose b - 3*k + 8 = -b, -4*b - k + z = 0. Suppose 0 = -g - b + 9. What is the units digit of g?
7
Suppose 5*r + 22 = 2*r - 2*w, -20 = -5*w. Let g be ((-115)/r)/(1/(-2)). Let a = g - -32. What is the units digit of a?
9
Suppose 5*m + 4*l = 145 + 600, -4*l + 20 = 0. Suppose 5*f - m = -4*o, -8*f + 3*f + 40 = o. What is the tens digit of o?
3
Suppose 4*b + 0*b = 12, -282 = -2*g - 4*b. What is the hundreds digit of g?
1
Let h be 3 - (3 + (2 - -1)). Let d be 0*-3*h/18. Suppose -4*m = -d*m - 84. What is the tens digit of m?
2
Let q be 4 + 0 + (-3)/(-3). Let h = q + 2. What is the units digit of h?
7
Let u(c) = 4*c**3 - 3*c + 3. Let r(f) = f**2 - 4*f - 3. Let a be r(5). What is the tens digit of u(a)?
2
Suppose 10*j - 8 = 6*j. What is the units digit of j?
2
Suppose 0 = 2*i + l - 31, 3*i - 3*l + 18 - 78 = 0. What is the tens digit of i?
1
Suppose -4*j + 3*j = 3*q - 9, 4*q = 2*j + 2. Let l be 0*(q/(-4))/1. Suppose -3*f + 4*g + 10 = 0, -4*g + 60 = 4*f - l*f. What is the units digit of f?
0
Let y(t) = 3*t + 25. What is the tens digit of y(10)?
5
Let n be (10/(-4) + 0)*2. Let v = n - 0. Let f = v - -9. What is the units digit of f?
4
Let j = -56 - -36. Let d = j - -35. What is the units digit of d?
5
Let p(l) = -2*l**2 - 4*l + 5. Let w(s) = -4*s**2 - 8*s + 11. Let d(v) = -9*p(v) + 4*w(v). Let o be d(-3). Suppose -z + o = -0*z. What is the units digit of z?
5
Suppose 0 = 5*v - 0*v - 15. Let g = -1 + v. Suppose -d - g = -3*d. What is the units digit of d?
1
Let a(y) = y + 5. Let s be a(-3). Let d = s + 3. What is the units digit of d?
5
What is the units digit of 10/(-15)*18/(-4)?
3
Suppose -3*s = 2*s - 5, -5*l = 2*s + 18. Let x = l - -6. What is the units digit of x?
2
Let i(u) = 4*u - 2*u + 0*u + u**2. What is the units digit of i(-3)?
3
Let p(d) be the first derivative of d**3/3 + d**2/2 - d + 1. Let m be p(1). What is the units digit of (m - -7*1) + -1?
7
Let c = -160 + 252. What is the tens digit of c/5 + 6/10?
1
Suppose -2*l + 4*c = -444, -2*l - c + 137 + 317 = 0. What is the tens digit of l?
2
Let l be (